) in base 12?
25
What is -2120475 (base 11) in base 12?
-1300a85
What is 97986a (base 11) in base 16?
17e129
What is 712264 (base 8) in base 7?
1665121
46132052 (base 7) to base 9
7513878
What is 26032345 (base 8) in base 11?
3299150
What is -311297a (base 12) in base 16?
-8cdfee
Convert 231342212 (base 5) to base 16.
febe8
100110100110000000 (base 2) to base 9
260754
-21c91 (base 15) to base 7
-625204
What is -68021a (base 11) in base 8?
-4104461
110102021202 (base 3) to base 12
b9548
What is -2320233311 (base 4) in base 9?
-1373025
What is 64c04 (base 15) in base 3?
121020220011
-272435 (base 8) to base 10
-95517
-a76a7 (base 13) to base 12
-126a24
17ddf4 (base 16) to base 3
2221110121102
Convert 1e276b (base 16) to base 11.
112a7aa
What is -63629 (base 12) in base 15?
-289ec
Convert b6e (base 16) to base 7.
11350
What is -52055030 (base 7) in base 8?
-20520642
Convert -124411414 (base 5) to base 11.
-395962
11135a (base 11) to base 14
48951
e69e9 (base 15) to base 3
1101011002010
What is -4368c9 (base 15) in base 4?
-30100011132
-730386 (base 9) to base 11
-276642
What is -159652 (base 10) in base 12?
-78484
Convert -10221200100 (base 3) to base 6.
-1400013
What is 1330212210 (base 4) in base 3?
221221002200
Convert 319507b (base 12) to base 14.
136a619
1455123 (base 15) to base 8
70043617
What is -1300224 (base 9) in base 3?
-1100000020211
What is -2266a7 (base 15) in base 2?
-110010000110100011101
-27240 (base 11) to base 14
-10257
Convert 58214 (base 12) to base 2.
11100110000110000
Convert -21664315 (base 8) to base 5.
-2144224020
What is -26670 (base 11) in base 13?
-14437
What is 60a7b4 (base 12) in base 4?
11300333320
What is -14354252 (base 9) in base 12?
-2475502
6b473 (base 13) to base 2
101111111011001111
What is 100201541 (base 6) in base 3?
10012010220121
Convert -47307201 (base 8) to base 2.
-100111011000111010000001
What is 10001010111111001011 (base 2) in base 12?
23554b
Convert 5500306 (base 7) to base 11.
41a233
Convert -100101001000111100000 (base 2) to base 15.
-1908cc
Convert 34204015 (base 6) to base 15.
158ede
Convert 2311234 (base 5) to base 9.
62758
1807604 (base 9) to base 10
1009426
What is 5533 (base 11) in base 12?
4280
-6055523 (base 8) to base 13
-43b72c
Convert -132026 (base 7) to base 4.
-12002030
Convert -300415401 (base 6) to base 3.
-100112201010101
-1190809 (base 10) to base 5
-301101214
-612307 (base 12) to base 8
-5624067
What is -18112a (base 13) in base 14?
-119651
1830599 (base 10) to base 5
432034344
Convert 1003324220 (base 6) to base 16.
9c51b4
What is -104332251 (base 6) in base 2?
-111001110011001100111
-230874 (base 10) to base 6
-4540510
Convert -21145510 (base 6) to base 7.
-5163531
What is -22315224 (base 6) in base 10?
-678976
31120100 (base 4) to base 12
27868
Convert 62a507 (base 12) to base 9.
2825527
What is 878330 (base 10) in base 8?
3263372
Convert 10001122111 (base 3) to base 11.
412a3
-121144312 (base 5) to base 3
-1001220010020
-10011010011000010 (base 2) to base 8
-232302
13003013130 (base 4) to base 3
10110212200000
Convert 2463140 (base 7) to base 2.
1001101101001010110
What is 311631 (base 8) in base 5?
11301241
What is 568c (base 16) in base 9?
33347
Convert 1111101100000110011110 (base 2) to base 14.
790b94
What is 1111122212222 (base 3) in base 4?
3003121220
Convert 19bdae (base 16) to base 8.
6336656
Convert -d28da (base 15) to base 2.
-10100010110100000000
What is 12446305 (base 8) in base 5?
1202202130
What is -b859 (base 15) in base 4?
-21201201
Convert 34047 (base 10) to base 16.
84ff
Convert 110212211201 (base 3) to base 7.
2104201
a8520 (base 13) to base 3
120110002101
-3223132 (base 6) to base 2
-100110110001100000
What is 20451330 (base 6) in base 7?
5036565
Convert 31305222 (base 6) to base 16.
de66e
Convert 3655666 (base 7) to base 8.
1621613
What is 1312444133 (base 5) in base 8?
14313376
-22002121112 (base 3) to base 12
-78288
Convert 325042 (base 7) to base 11.
3988a
b0a76 (base 14) to base 13
11b388
What is 347386 (base 10) in base 4?
1110303322
1182564 (base 10) to base 15
1855c9
Convert 17948 (base 16) to base 8.
274510
1122210122101 (base 3) to base 16
d74a6
-14b0b11 (base 13) to base 8
-31221271
Convert 10220101022 (base 3) to base 9.
126338
130052 (base 8) to base 4
23000222
Convert 10010122212 (base 3) to base 15.
13448
Convert -43871 (base 10) to base 3.
-2020011212
-274b3 (base 12) to base 11
-37865
What is -2302222020 (base 4) in base 2?
-10110010101010001000
Convert -303175 (base 14) to base 10.
-1622003
-12305524 (base 7) to base 2
-100001111010011001000
-296753 (base 14) to base 12
-594b19
13142400 (base 5) to base 10
130975
What is 17d147 (base 16) in base 13?
428616
Convert 1cd19 (base 15) to base 10.
94074
What is -2005571 (base 9) in base 3?
-2000012122101
What is 20a306 (base 11) in base 16?
51fa5
56420345 (base 7) to base 9
10181718
What is d7388 (base 15) in base 2?
10100110101000111001
675727 (base 9) to base 16
62bea
3079917 (base 11) to base 10
5430256
Convert bf5801 (base 16) to base 6.
1124435041
What is -22b7c (base 13) in base 3?
-10020002001
Convert -136820 (base 9) to base 13.
-2c190
Convert -451387 (base 9) to base 16.
-41ee4
What is -1002001100002 (base 3) in base 2?
-10001011100110000101
What is 1774445 (base 8) in base 7?
4304264
Convert -11224403 (base 6) to base 2.
-1010100011010010011
-16d37 (base 16) to base 12
-46133
Convert 20122220010211 (base 3) to base 16.
360778
Convert b2d8 (base 15) to base 13.
14270
-3069c (base 16) to base 7
-1454064
-152114052 (base 7) to base 12
-348b193
Convert 23175564 (base 8) to base 14.
95484c
Convert -416c2c (base 13) to base 16.
-175495
Convert -43582 (base 9) to base 3.
-1110122202
What is 163317 (base 8) in base 14?
17767
What is -23750770 (base 8) in base 7?
-62315003
Convert 1c7d1a (base 15) to base 8.
5241452
122201102 (base 4) to base 12
52a42
Convert -23455410 (base 6) to base 10.
-738654
What is 1c2841 (base 13) in base 5?
141013244
What is 1254432 (base 6) in base 3?
10112122002
100211223 (base 4) to base 7
402045
What is 187a91 (base 13) in base 6?
21120200
What is -d7d702 (base 14) in base 3?
-111201202112002
What is c9c2 (base 13) in base 8?
66613
What is -37426c (base 14) in base 8?
-7162730
What is 71951 (base 12) in base 7?
1155115
1241785 (base 9) to base 8
2452444
-42fc1 (base 16) to base 9
-457324
Convert -311210010331 (base 4) to base 15.
-137563a
-30340320 (base 5) to base 6
-5140235
Convert 2460342 (base 8) to base 13.
1aa782
Convert -1020122022221 (base 3) to base 7.
-5425351
Convert -a9b677 (base 12) to base 16.
-291efb
101010001011100000 (base 2) to base 11
108892
Convert -8be9 (base 16) to base 9.
-54116
Convert -10100101011010000001000 (base 2) to base 13.
-117a032
71649 (base 14) to base 6
5503225
Convert 4535c5 (base 15) to base 5.
1321131220
Convert 4a093 (base 11) to base 15.
164d6
4536341 (base 9) to base 11
1420252
What is 12110000110 (base 3) in base 13?
39a23
What is 414036 (base 9) in base 7?
2042226
20010304 (base 7) to base 15
228bad
Convert 100100011010011001000 (base 2) to base 10.
1193160
Convert -31376 (base 12) to base 16.
-fbca
335d6 (base 14) to base 5
12442043
154270a (base 11) to base 9
4861800
What is -34301331 (base 5) in base 16?
-4ad22
385570 (base 9) to base 6
5002100
-345521 (base 7) to base 9
-104038
Convert -142b616 (base 12) to base 2.
-1111011010111110110010
1023231 (base 5) to base 9
25670
What is 1222101200010 (base 3) in base 15?
15b603
Convert 24a20 (base 12) to base 13.
198c6
What is -615330 (base 7) in base 14?
-2a450
What is 434012123 (base 5) in base 16?
1c62c0
What is -11100010110110101100110 (base 2) in base 8?
-34266546
Convert -2013211102 (base 4) to base 15.
-ae831
What is 2064166 (base 10) in base 11?
118a925
4583226 (base 9) to base 6
125022210
What is -820d45 (base 16) in base 9?
-17030415
-17233266 (base 9) to base 14
-120dc2a
-1967825 (base 14) to base 9
-25666088
What is -10328a1 (base 11) in base 12?
-738961
38f66 (base 16) to base 12
b3032
Convert -4403d (base 15) to base 14.
-58a4a
Convert 99ca3 (base 13) to base 10.
278983
-4314105 (base 6) to base 2
-110011110010111001
What is -7a10a6 (base 11) in base 13?
-358585
What is 230232232 (base 4) in base 10?
183214
Convert 10457718 (base 10) to base 2.
1001111